divide 258051?
False
Does 28 divide 4214385?
False
Is 20 a factor of 5951772?
False
Does 11 divide 830745?
False
Does 5 divide 5087470?
True
Does 60 divide 21523080?
True
Is 682125 a multiple of 25?
True
Does 101 divide 575132?
False
Is 22 a factor of 16882976?
True
Is 14274288 a multiple of 238?
True
Is 5685381 a multiple of 90?
False
Is 1226941 a multiple of 477?
False
Is 605595 a multiple of 141?
True
Is 385039 a multiple of 32?
False
Does 70 divide 227570?
True
Is 219705 a multiple of 90?
False
Is 48 a factor of 136072?
False
Is 122681 a multiple of 6?
False
Is 38255 a multiple of 35?
True
Is 133 a factor of 411502?
True
Is 145179 a multiple of 171?
True
Is 1314138 a multiple of 226?
False
Does 22 divide 442706?
True
Is 1114044 a multiple of 43?
True
Does 654 divide 243288?
True
Does 19 divide 945244?
False
Does 92 divide 282348?
True
Is 1885093 a multiple of 233?
False
Does 30 divide 246399?
False
Is 574541 a multiple of 209?
True
Does 5 divide 437480?
True
Does 737 divide 2512512?
False
Is 7300 a multiple of 73?
True
Does 38 divide 80218?
True
Is 1639020 a multiple of 330?
False
Is 14788838 a multiple of 186?
False
Does 7 divide 190923?
False
Is 225 a factor of 11047983?
False
Is 79 a factor of 34778?
False
Is 97003 a multiple of 39?
False
Does 211 divide 6744193?
True
Is 4615673 a multiple of 429?
False
Is 1398 a factor of 2335263?
False
Is 5992 a multiple of 77?
False
Is 132 a factor of 2759592?
True
Is 206 a factor of 281238?
False
Is 705540 a multiple of 30?
True
Is 23 a factor of 838488?
True
Does 264 divide 342672?
True
Is 4332652 a multiple of 1982?
True
Does 23 divide 15594?
True
Does 6 divide 1396377?
False
Is 539219 a multiple of 29?
False
Is 63727 a multiple of 12?
False
Is 3036112 a multiple of 70?
False
Is 120 a factor of 278040?
True
Is 37 a factor of 12848?
False
Is 1262493 a multiple of 57?
True
Does 12 divide 14152622?
False
Is 2306412 a multiple of 27?
False
Is 2830570 a multiple of 5?
True
Is 12 a factor of 2628?
True
Is 240543 a multiple of 531?
True
Does 25 divide 1152230?
False
Does 10 divide 125017?
False
Does 14 divide 247142?
True
Is 21 a factor of 760292?
False
Is 179343 a multiple of 9?
True
Does 62 divide 1033238?
False
Is 32210 a multiple of 5?
True
Is 16 a factor of 19497760?
True
Does 21 divide 8357297?
False
Is 561411 a multiple of 29?
True
Is 15 a factor of 18005418?
False
Is 12441799 a multiple of 320?
False
Is 1303362 a multiple of 342?
True
Does 18 divide 2910394?
False
Is 2223045 a multiple of 99?
True
Does 26 divide 3770520?
True
Does 10 divide 10356700?
True
Is 81 a factor of 64881?
True
Is 32 a factor of 526848?
True
Does 522 divide 280836?
True
Does 41 divide 436085?
False
Is 137842 a multiple of 82?
True
Does 147 divide 1231741?
False
Is 103 a factor of 2039395?
False
Does 648 divide 2115072?
True
Is 41 a factor of 3832755?
False
Is 100 a factor of 462000?
True
Is 345664 a multiple of 88?
True
Is 365439 a multiple of 543?
True
Is 2564820 a multiple of 38?
False
Is 21 a factor of 149849?
False
Is 15 a factor of 82350?
True
Is 30 a factor of 59632?
False
Is 20 a factor of 88760?
True
Is 3359897 a multiple of 527?
False
Is 120522 a multiple of 318?
True
Does 13 divide 5231472?
False
Is 10 a factor of 590000?
True
Is 158448 a multiple of 9?
False
Is 25648 a multiple of 28?
True
Is 1229099 a multiple of 8?
False
Does 7 divide 155?
False
Is 1681350 a multiple of 75?
True
Does 13 divide 101699?
True
Is 3489408 a multiple of 78?
True
Is 45 a factor of 1640205?
True
Is 1658969 a multiple of 9?
False
Is 15 a factor of 677550?
True
Does 14 divide 3924704?
True
Is 6 a factor of 3068413?
False
Is 91293 a multiple of 48?
False
Does 371 divide 1416508?
False
Is 26492 a multiple of 179?
True
Is 269280 a multiple of 60?
True
Is 12 a factor of 105048?
True
Is 276 a factor of 346932?
True
Is 2 a factor of 1610301?
False
Does 47 divide 3743496?
False
Is 488480 a multiple of 90?
False
Does 134 divide 298817?
False
Does 10 divide 808625?
False
Is 2419839 a multiple of 108?
False
Is 52 a factor of 106912?
True
Is 5573340 a multiple of 36?
True
Is 690590 a multiple of 376?
False
Does 24 divide 14557080?
True
Is 6 a factor of 6948?
True
Is 3112830 a multiple of 210?
True
Is 1522796 a multiple of 865?
False
Is 496152 a multiple of 8?
True
Is 930675 a multiple of 2?
False
Is 25861 a multiple of 41?
False
Does 7 divide 1234786?
True
Does 13 divide 262444?
True
Is 19 a factor of 161329?
True
Does 8 divide 13089?
False
Does 18 divide 1153386?
True
Does 299 divide 1074008?
True
Does 8 divide 1298464?
True
Is 992416 a multiple of 8?
True
Is 186388 a multiple of 281?
False
Is 155 a factor of 854980?
True
Is 1375994 a multiple of 199?
False
Is 41 a factor of 12142534?
False
Is 222 a factor of 5456316?
True
Is 15559072 a multiple of 228?
False
Is 85386 a multiple of 38?
True
Is 14 a factor of 2570808?
False
Does 13 divide 15132?
True
Does 17 divide 45186?
True
Does 26 divide 1268930?
True
Is 37 a factor of 44376?
False
Is 1726872 a multiple of 1224?
False
Is 263669 a multiple of 79?
False
Is 577728 a multiple of 102?
True
Does 300 divide 1474920?
False
Does 14 divide 246791?
False
Is 175 a factor of 1902530?
False
Is 366 a factor of 132126?
True
Is 8 a factor of 137784?
True
Is 5439933 a multiple of 1017?
True
Does 295 divide 3525545?
True
Is 139 a factor of 233520?
True
Is 398610 a multiple of 262?
False
Does 10 divide 22571300?
True
Is 2156490 a multiple of 208?
False
Does 10 divide 573720?
True
Is 3656124 a multiple of 1396?
True
Does 10 divide 26840?
True
Is 866 a factor of 1543505?
False
Is 3365733 a multiple of 8?
False
Is 695244 a multiple of 9?
False
Is 324 a factor of 2380104?
True
Is 940814 a multiple of 34?
True
Is 1820 a factor of 5648185?
False
Is 912 a factor of 4827206?
False
Is 38 a factor of 213902?
True
Does 359 divide 120370?
False
Is 4846004 a multiple of 568?
False
Is 120796 a multiple of 404?
True
Is 1588196 a multiple of 24?
False
Is 19 a factor of 29374?
True
Is 20 a factor of 360758?
False
Does 26 divide 177684?
True
Is 505962 a multiple of 9?
True
Is 137006 a multiple of 61?
True
Is 4918891 a multiple of 12?
False
Is 655 a factor of 6886670?
True
Is 165652 a multiple of 4?
True
Does 237 divide 1467752?
False
Is 351 a factor of 768572?
False
Does 863 divide 4806910?
True
Is 8 a factor of 169072?
True
Is 620802 a multiple of 273?
True
Does 298 divide 5261786?
True
Does 11 divide 1886825?
False
Is 9 a factor of 92655?
True
Does 183 divide 44749?
False
Is 111 a factor of 3729489?
True
Is 308 a factor of 1191036?
True
Is 57 a factor of 1503670?
False
Is 57 a factor of 142500?
True
Is 590778 a multiple of 23?
True
Is 517 a factor of 649422?
False
Does 36 divide 286632?
True
Is 458939 a multiple of 14?
False
Does 15 divide 4194128?
False
Does 127 divide 1784303?
False
Is 4 a factor of 769215?
False
Is 392070 a multiple of 55?
False
Is 246 a factor of 409836?
True
Is 75582 a multiple of 39?
True
Is 1142856 a multiple of 54?
True
Is 16 a factor of 374246?
False
Is 12 a factor of 465268?
False
Is 4 a factor of 527403?
False
Is 250 a factor of 3230750?
True
Does 101 divide 84133?
True
Is 84966 a multiple of 130?
False
Is 15 a factor of 264607?
False
Does 114 divide 21673241?
False
Does 56 divide 3811584?
True
Is 4 a factor of 536076?
True
Is 3806167 a multiple of 76?
False
Does 332 divide 341919?
False
Is 22 a factor of 30228?
True
Is 92 a factor of 2562873?
False
Is 61 a factor of 69650?
False
Does 9 divide 686090?
False
Does 66 divide 2719794?
True
Is 17 a factor of 1879588?
True
Is 19 a factor of 12757792?
False
Does 1114 divide 643037?
False
Is 4 a factor of 102788?
True
Is 21318144 a multiple of 128?
True
Is 10 a factor of 382717?
False
Is 7059429 a multiple of 39?
True
Is 5180644 a multiple of 371?
True
Is 978 a factor of 2109546?
True
Is 1084 a factor of 7417812?
True
Is 48 a factor of 3279817?
False
Does 7 divide 12188?
False
Is 390 a factor of 11700?
True
Is 78 a factor of 101166?
True
Is 80 a factor of 101520?
True
Is 106894 a multiple of 29?
True
Does 242 divide 573556?
False
Does 57 divide 860509?
False
Is 419 a factor of 367055?
False
Does 36 divide 28050?
False
Does 52 divide 152672?
True
Is 246 a factor of 29365?
False
Is 359 a factor of 617121?
True
Does 5 divide 682160?
True
Does 413 divide 171